{"id":75,"date":"2019-06-02T23:04:18","date_gmt":"2019-06-02T21:04:18","guid":{"rendered":"http:\/\/wolliballa.bplaced.net\/wordpress\/?page_id=75"},"modified":"2024-11-29T06:31:38","modified_gmt":"2024-11-29T05:31:38","slug":"weibliche-jugend","status":"publish","type":"page","link":"https:\/\/scvm-volleyball.de\/?page_id=75","title":{"rendered":"Volleyball Jugend 12-15J"},"content":{"rendered":"\n<p>Diese Gruppe f\u00fcr Jugendliche ab 12 Jahre befindet sich im Aufbau und richtet sich an alle, die Spa\u00df am Volleyball haben oder Volleyball f\u00fcr sich entdecken wollen. Wir freuen uns \u00fcber Verst\u00e4rkung.<\/p>\n\n\n\n<figure class=\"wp-block-table\"><table><tbody><tr><td>Trainingszeit<\/td><td>Dienstags 17:00-19:00<\/td><\/tr><tr><td>Kontakt<\/td><td><a href=\"https:\/\/scvm-volleyball.de\/?page_id=32\" data-type=\"page\" data-id=\"32\">Petra Rieckenberg<\/a><br><a href=\"https:\/\/scvm-volleyball.de\/?page_id=32\" data-type=\"page\" data-id=\"32\">Fabian Meier<\/a><\/td><\/tr><tr><td>Halle<\/td><td><a href=\"https:\/\/scvm-volleyball.de\/wordpress\/?page_id=27\">Sporthalle F\u00fcnfhausen<\/a><\/td><\/tr><tr><td>Team-Alter<\/td><td>12-15 Jahre<\/td><\/tr><tr><td>Ambition<\/td><td>Jugend<\/td><\/tr><\/tbody><\/table><\/figure>\n","protected":false},"excerpt":{"rendered":"<p>Diese Gruppe f\u00fcr Jugendliche ab 12 Jahre befindet sich im Aufbau und richtet sich an alle, die Spa\u00df am Volleyball haben oder Volleyball f\u00fcr sich entdecken wollen. Wir freuen uns \u00fcber Verst\u00e4rkung. Trainingszeit Dienstags 17:00-19:00 Kontakt Petra RieckenbergFabian Meier Halle Sporthalle F\u00fcnfhausen Team-Alter 12-15 Jahre Ambition Jugend<\/p>\n","protected":false},"author":1,"featured_media":2105,"parent":19,"menu_order":13,"comment_status":"open","ping_status":"closed","template":"","meta":{"footnotes":""},"class_list":["post-75","page","type-page","status-publish","has-post-thumbnail","hentry"],"post_mailing_queue_ids":[],"_links":{"self":[{"href":"https:\/\/scvm-volleyball.de\/index.php?rest_route=\/wp\/v2\/pages\/75","targetHints":{"allow":["GET"]}}],"collection":[{"href":"https:\/\/scvm-volleyball.de\/index.php?rest_route=\/wp\/v2\/pages"}],"about":[{"href":"https:\/\/scvm-volleyball.de\/index.php?rest_route=\/wp\/v2\/types\/page"}],"author":[{"embeddable":true,"href":"https:\/\/scvm-volleyball.de\/index.php?rest_route=\/wp\/v2\/users\/1"}],"replies":[{"embeddable":true,"href":"https:\/\/scvm-volleyball.de\/index.php?rest_route=%2Fwp%2Fv2%2Fcomments&post=75"}],"version-history":[{"count":20,"href":"https:\/\/scvm-volleyball.de\/index.php?rest_route=\/wp\/v2\/pages\/75\/revisions"}],"predecessor-version":[{"id":2045,"href":"https:\/\/scvm-volleyball.de\/index.php?rest_route=\/wp\/v2\/pages\/75\/revisions\/2045"}],"up":[{"embeddable":true,"href":"https:\/\/scvm-volleyball.de\/index.php?rest_route=\/wp\/v2\/pages\/19"}],"wp:featuredmedia":[{"embeddable":true,"href":"https:\/\/scvm-volleyball.de\/index.php?rest_route=\/wp\/v2\/media\/2105"}],"wp:attachment":[{"href":"https:\/\/scvm-volleyball.de\/index.php?rest_route=%2Fwp%2Fv2%2Fmedia&parent=75"}],"curies":[{"name":"wp","href":"https:\/\/api.w.org\/{rel}","templated":true}]}}